 5, 10111
List the prime factors of 17337991.
11, 257, 6133
List the prime factors of 7813543.
2399, 3257
List the prime factors of 1045488.
2, 3, 23, 947
List the prime factors of 2034961.
79, 25759
List the prime factors of 3729858.
2, 3, 11, 31, 1823
List the prime factors of 104767.
13, 8059
List the prime factors of 1705326.
2, 3, 7, 19, 2137
List the prime factors of 573115.
5, 83, 1381
List the prime factors of 1294125.
3, 5, 7, 17, 29
What are the prime factors of 4965434?
2, 2482717
List the prime factors of 3408919.
3408919
What are the prime factors of 580389?
3, 193463
List the prime factors of 950467.
7, 135781
What are the prime factors of 4074645?
3, 5, 17, 19, 29
What are the prime factors of 625202?
2, 312601
What are the prime factors of 196213?
19, 23, 449
List the prime factors of 31474508.
2, 13, 191, 3169
What are the prime factors of 3532069?
1061, 3329
What are the prime factors of 192885?
3, 5, 7, 11, 167
List the prime factors of 20726693.
13, 31, 51431
What are the prime factors of 14607115?
5, 2921423
List the prime factors of 13976038.
2, 59, 83, 1427
What are the prime factors of 1876324?
2, 17, 41, 673
List the prime factors of 1688146.
2, 47, 17959
What are the prime factors of 4104371?
4104371
What are the prime factors of 18383644?
2, 503, 9137
What are the prime factors of 3127862?
2, 23, 97, 701
What are the prime factors of 86799?
3, 28933
What are the prime factors of 109843?
109843
List the prime factors of 548611.
7, 181, 433
What are the prime factors of 2453934?
2, 3, 7, 58427
List the prime factors of 2338557.
3, 13, 61, 983
List the prime factors of 6440540.
2, 5, 43, 7489
What are the prime factors of 8008988?
2, 13, 29, 47, 113
What are the prime factors of 71492?
2, 61, 293
What are the prime factors of 11315437?
7, 1616491
What are the prime factors of 10894733?
19, 31, 53, 349
What are the prime factors of 4538283?
3, 19, 103, 773
List the prime factors of 6208066.
2, 73, 101, 421
What are the prime factors of 9450465?
3, 5, 89, 7079
What are the prime factors of 1392?
2, 3, 29
List the prime factors of 25991691.
3, 11, 17, 107, 433
List the prime factors of 84725.
5, 3389
List the prime factors of 146054.
2, 103, 709
List the prime factors of 449405.
5, 11, 8171
What are the prime factors of 2723463?
3, 33623
List the prime factors of 827933.
151, 5483
What are the prime factors of 701663?
47, 14929
List the prime factors of 518166.
2, 3, 11, 2617
List the prime factors of 11250116.
2, 281, 10009
List the prime factors of 32110414.
2, 7, 433, 5297
List the prime factors of 317756.
2, 19, 37, 113
What are the prime factors of 1050541?
37, 28393
List the prime factors of 4588468.
2, 1147117
What are the prime factors of 1439274?
2, 3, 239879
What are the prime factors of 19883575?
5, 795343
List the prime factors of 21287.
7, 3041
List the prime factors of 42634416.
2, 3, 11, 80747
List the prime factors of 338879.
349, 971
List the prime factors of 197178.
2, 3, 59, 557
What are the prime factors of 19394695?
5, 709, 5471
List the prime factors of 224611.
224611
List the prime factors of 25853728.
2, 223, 3623
What are the prime factors of 7235700?
2, 3, 5, 89, 271
List the prime factors of 73933.
17, 4349
List the prime factors of 22394700.
2, 3, 5, 149, 167
What are the prime factors of 325173?
3, 107, 1013
List the prime factors of 777419.
777419
List the prime factors of 831680.
2, 5, 23, 113
What are the prime factors of 214324?
2, 11, 4871
List the prime factors of 813384.
2, 3, 11, 13, 79
List the prime factors of 585372.
2, 3, 48781
What are the prime factors of 2990090?
2, 5, 103, 2903
List the prime factors of 953431.
953431
What are the prime factors of 21623246?
2, 10811623
List the prime factors of 7887152.
2, 7, 13, 5417
List the prime factors of 5953639.
5953639
List the prime factors of 6308722.
2, 7, 19, 37, 641
List the prime factors of 1641774.
2, 3, 273629
List the prime factors of 1438248.
2, 3, 7, 1223
What are the prime factors of 297488?
2, 18593
What are the prime factors of 5894487?
3, 654943
What are the prime factors of 289714?
2, 17, 8521
What are the prime factors of 155493?
3, 13, 443
List the prime factors of 22576671.
3, 13, 131, 491
What are the prime factors of 21432838?
2, 7, 61, 25097
What are the prime factors of 428784?
2, 3, 8933
What are the prime factors of 2684154?
2, 3, 11, 67, 607
What are the prime factors of 446167?
173, 2579
What are the prime factors of 2031625?
5, 16253
What are the prime factors of 850145?
5, 170029
What are the prime factors of 445140?
2, 3, 5, 2473
List the prime factors of 320864.
2, 37, 271
List the prime factors of 3429028.
2, 773, 1109
List the prime factors of 35408.
2, 2213
List the prime factors of 711337.
11, 64667
List the prime factors of 184479.
3, 61493
What are the prime factors of 1174444?
2, 89, 3299
What are the prime factors of 643418?
2, 321709
List the prime factors of 176560.
2, 5, 2207
What are the prime factors of 174256?
2, 10891
List the prime factors of 2805612.
2, 3, 17, 809
What are the prime factors of 559595?
5, 111919
What are the prime factors of 7579874?
2, 3789937
List the prime factors of 320506.
2, 160253
What are the prime factors of 1993275?
3, 5, 2953
What are the prime factors of 353195?
5, 70639
List the prime factors of 744975.
3, 5, 7, 11, 43
What are the prime factors of 2108972?
2, 467, 1129
What are the prime factors of 31018844?
2, 7754711
List the prime factors of 1546623.
3, 13, 13219
List the prime factors of 317695.
5, 7, 29, 313
What are the prime factors of 948694?
2, 474347
What are the prime factors of 738160?
2, 5, 9227
List the prime factors of 11640266.
2, 11, 529103
What are the prime factors of 64054?
2, 32027
List the prime factors of 583963.
41, 14243
What are the prime factors of 9921364?
2, 29, 31, 89
What are the prime factors of 777799?
11, 70709
List the prime factors of 4084535.
5, 7, 13, 47, 191
List the prime factors of 32302.
2, 31, 521
What are the prime factors of 445393?
13, 34261
List the prime factors of 544610.
2, 5, 11, 4951
What are the prime factors of 263543?
7, 37649
What are the prime factors of 99280?
2, 5, 17, 73
List the prime factors of 12280874.
2, 1709, 3593
What are the prime factors of 1005519?
3, 335173
List the prime factors of 4535657.
7, 647951
What are the prime factors of 21997850?
2, 5, 7, 62851
What are the prime factors of 123635?
5, 79, 313
What are the prime factors of 1862462?
2, 7, 133033
What are the prime factors of 13247148?
2, 3, 17, 64937
List the prime factors of 809661.
3, 269887
List the prime factors of 1066518.
2, 3, 193, 307
List the prime factors of 4247919.
3, 13, 36307
What are the prime factors of 2341553?
313, 7481
List the prime factors of 443919.
3, 7, 21139
What are the prime factors of 1193998?
2, 13, 19, 2417
List the prime factors of 104961.
3, 59, 593
List the prime factors of 38804.
2, 89, 109
What are the prime factors of 153968?
2, 9623
What are the prime factors of 44096007?
3, 757, 19417
What are the prime factors of 104043?
3, 79, 439
List the prime factors of 1287898.
2, 643949
What are the prime factors of 12379875?
3, 5, 33013
List the prime factors of 393377.
393377
What are the prime factors of 173621?
7, 17, 1459
What are the prime factors of 10003988?
2, 23, 108739
What are the prime factors of 192444?
2, 3, 7, 29, 79
List the prime factors of 369927.
3, 4567
List the prime factors of 6273579.
3, 13, 160861
List the prime factors of 711793.
711793
What are the prime factors of 22392028?
2, 167, 33521
What are the prime factors of 25048482?
2, 3, 37, 112831
What are the prime factors of 16843892?
2, 13, 24917
List the prime factors of 914783.
914783
What are the prime factors of 80697?
3, 37, 727
What are the prime factors of 318352?
2, 101, 197
What are the prime factors of 1163998?
2, 11, 157, 337
List the prime factors of 1111611.
3, 370537
What are the prime factors of 352270?
2, 5, 35227
List the prime factors of 14953.
19, 787
List the prime factors of 78035.
5, 15607
What are the prime factors of 7786245?
3, 5, 519083
List the prime factors of 32513.
13, 41, 61
List the prime factors of 146487.
3, 11, 23, 193
List the prime factors of 173936.
2, 7, 1553
List the prime factors of 